5*j + 6 = 0. Suppose 483 = -j*l - 3*w, 5*w = -5*l + w - 1204. Let a = -96 - l. What is the hundreds digit of a?
1
Let q(m) be the second derivative of m**3/6 + 5*m**2 + 2*m. Let j be 2/(-4) + (-713)/(-46). What is the tens digit of q(j)?
2
Suppose 4*x = -5*o - 0*x + 65, -3*o + 7 = -4*x. Suppose 4*s = -17 + o. What is the tens digit of (-111)/(-4) + (s - (-27)/12)?
2
Let i = 14 - 10. Suppose 0 = 4*n + 2*o + 226, 3*n = i*o - 120 - 33. What is the tens digit of (-3036)/n - 1/5?
5
Let z = -268 + 274. Suppose -z*v - 206 + 806 = 0. What is the units digit of v?
0
Let a(b) = b**2 + 3*b + 853. Suppose -4*p - 54*z - 10 = -59*z, 0 = -4*p - 2*z + 4. What is the tens digit of a(p)?
5
What is the tens digit of (-4 - (-10 - -10))/(8/(-9292))?
4
Let f be 76/190 - (-4)/(-10). Suppose 4*c + 5*p - 3685 = f, 4550 = -15*c + 20*c - 5*p. What is the units digit of c?
5
Let t(z) = 208*z**2 + 451*z - 3. What is the units digit of t(-10)?
7
Let i be (18/8)/(24/32). Let y(h) = -h + i + 36*h**2 - 4 - 4*h**2. What is the tens digit of y(-1)?
3
Suppose 3 = 3*k - 0*k. Let s(j) = 3*j - 10*j - j**2 + 11*j + 2 + 144*j**3 - 4*j. What is the hundreds digit of s(k)?
1
Suppose -6 = 2*g, g = 3*z + 2*g + 3483. Let t = -216 - z. What is the tens digit of t?
4
Let v = 547 - 3. Let f be 2629/484 + (-2)/8 - (-12)/(-66). Suppose -n - 2*n - w = -v, f = -w. What is the hundreds digit of n?
1
Let l = 73391 - 43901. What is the thousands digit of l?
9
Let q = 32788 - 16311. What is the units digit of q?
7
Let c(s) be the second derivative of -31*s**3/3 + 11*s**2 + 10*s - 6. What is the tens digit of c(-3)?
0
Suppose -x = -3*s + 39228, 13*s = 2*x + 79831 + 90171. What is the thousands digit of s?
3
Suppose 5*d - 356824 = 2*b, -47*d - 5*b = -52*d + 356815. What is the tens digit of d?
6
Let v(d) = 2*d**3 + 139*d**2 - 377*d - 396. What is the units digit of v(-68)?
2
Suppose -153*x + 467258 + 91815 + 317464 = 0. What is the tens digit of x?
2
Let s = -42 - -53. Suppose -s = -4*h - g + 10, h + g - 9 = 0. Suppose 0*b = h*b - x - 345, -431 = -5*b + x. What is the tens digit of b?
8
What is the hundreds digit of ((-2277)/(-276))/((-6)/(-7712))?
6
What is the units digit of 2/(24/(-18))*18616/(-12)?
7
Let m(r) = 4671*r + 4953. What is the units digit of m(7)?
0
Let g(y) be the third derivative of 343*y**5/60 - 5*y**4/24 + y**3/3 - 7*y**2. What is the hundreds digit of g(1)?
3
Let b be -194 - ((-2 - -4) + 8/(-2)). Let t = b - -396. Suppose -5*p = -t - 306. What is the tens digit of p?
0
Suppose 0 = -234*r + 1475601 + 2522289. What is the hundreds digit of r?
0
Let o(b) = -2342*b**3 + 41*b**2 + 74*b - 1. What is the units digit of o(-2)?
1
Suppose -6*r - 2*o - 2198 = -10*r, r - o = 548. Suppose -4*c - 5*h + r = -1442, 0 = 3*c - 3*h - 1515. What is the units digit of c?
2
Suppose -3*d = 5*x - 17084, -d - 203*x + 5708 = -198*x. What is the hundreds digit of d?
6
Let i = 2127 + 34931. What is the units digit of i?
8
Suppose 59*b - 73746 = 41*b. What is the units digit of b?
7
What is the thousands digit of 27/(-108) + (-1195533)/(-36)?
3
Let j(p) = p**3 - 6*p**2 + 5*p + 6. Let w be j(5). Suppose -w*v - 610 - 212 = 0. Let z = 33 - v. What is the hundreds digit of z?
1
Let m be -45*(4 + (-9)/3). Let j = 51 + m. What is the tens digit of 2474/26 + j + (-240)/39?
9
Suppose 0 = -12*x - 3*x - 3211 + 49411. What is the thousands digit of x?
3
Suppose 3331 = -5*o + 11*s - 7*s, 4*o = -3*s - 2671. Let x = 742 + o. What is the units digit of x?
5
Let n = -29991 + 48207. What is the hundreds digit of n?
2
What is the hundreds digit of 9346 + 2/(1/(-18)*-9)?
3
Let h(a) = -53*a + 11. Suppose -z = -13 + 11. Let f(p) = 13*p - 3. Let c(t) = z*h(t) + 9*f(t). What is the tens digit of c(3)?
2
Let d(m) = 2*m**2 - 2*m - 3. Let j be d(-1). Suppose 2*p - a - j - 2 = 0, 0 = 5*p - a - 3. Suppose 4*k = -p*k + 616. What is the tens digit of k?
5
Let b(c) = 3*c**3 + 3*c**2 - 2. Let t = -66 - -67. Let p be b(t). Suppose i - 19 = -2*d - p*i, 3 = -i. What is the units digit of d?
7
Suppose 2*n = 4*u - 1178, -n - 370 = -4*u + 805. Let g be (-20)/(-120) + u/6. Let d = 95 + g. What is the tens digit of d?
4
Let n(s) = 5*s**2 + 85*s + 370. What is the ten thousands digit of n(-79)?
2
Suppose 3*v - 12 = -4*u, 0 = -5*u + 2*u + v + 22. Let x(l) = 18*l**2 - 17*l + 50. What is the units digit of x(u)?
6
Let y(u) = -u**2 + 11*u + 27. Let c be y(13). Suppose -c = -d - 2, -s - 3 = 2*d. Let h(m) = 153*m**2 - 6*m - 5. What is the units digit of h(s)?
4
Let u(a) = -11*a**3 + 8*a**2 - 56*a - 223. What is the units digit of u(-11)?
2
Let h = 1 + -1. Let n = -1323 + 1346. Suppose h = 2*w - 85 + n. What is the tens digit of w?
3
Let p be (-56)/(-42)*(-138)/(-8). Suppose 0 = 2*w - 5*f - 122, -w - f = -38 - p. What is the tens digit of w?
6
Suppose 214*c = 210*c - 16. What is the tens digit of (-17)/c*(3113/11 + 1)?
0
Suppose -135*x + 9574 - 48430 = -147*x. What is the tens digit of x?
3
Suppose -8*b = 2*b - 280. What is the units digit of (b/6)/(6/9)?
7
Suppose -5*s = 2*w - 393, 0*w - 239 = -3*s - 2*w. Let p = 79 - s. Suppose -5*v + h + 234 = 0, p*v + 41 = 5*h + 130. What is the units digit of v?
7
What is the units digit of 1*4/(-50) + 7828272/900?
8
Suppose -5*x - 5*s = -55, 4*x + 2 - 52 = 2*s. Let g be ((-18)/4 + 0)*(x - 26). Suppose -2*r + 77 - 16 = -3*m, -r = 5*m - g. What is the tens digit of r?
3
Let x(b) = 4*b**2 + 84*b - 1393. What is the ten thousands digit of x(86)?
3
Let j(u) be the first derivative of 11*u**4/12 + u**3/2 + 11*u**2 + 18. Let s(k) be the second derivative of j(k). What is the units digit of s(3)?
9
Let l(p) = 2*p**3 + 5*p + 0*p**3 + 4*p**3 + 20*p**2 - 7*p**3 + 17. Let b be l(20). Suppose -3*x + x - 2*v = -210, -x = -5*v - b. What is the units digit of x?
7
Let w(n) = 478*n**3 + n**2 - 6*n + 2. What is the hundreds digit of w(3)?
8
Suppose 2*s + 66 = 5*c, -4 = -c + 3*s + 2*s. Let m(q) = -788*q - 7079. Let a be m(-9). Suppose c*y - a*y = 65. What is the units digit of y?
5
What is the ten thousands digit of -193194*(-20)/120 - 6?
3
Suppose -62*d + 1673788 + 426917 - 586417 = 0. What is the tens digit of d?
2
Let d be (-14)/(-4) - 3/6. Suppose 490 = g - 4*r - 141, 3*g - d*r - 1884 = 0. What is the units digit of g?
7
Let l be 1/(-1 - -2) + (-4675)/11. Let h be -4 + -4 + 8 - l. Let p = h + -270. What is the tens digit of p?
5
Suppose -35*v - 2500 = -39*v. Suppose j - 5*u + v = 1726, -5*u - 4449 = -4*j. What is the hundreds digit of j?
1
Suppose -14*h + 563 = 1641. Let b = 185 + h. What is the units digit of b?
8
Suppose 10*s - 24 = 4*s. Suppose s*g = -u + 149 + 20, 4*u = 3*g + 695. What is the hundreds digit of u?
1
Let r(t) = 244*t + 3710. What is the hundreds digit of r(0)?
7
Let o(w) = 4*w + 1. Let z be o(1). Let m be (-5)/(z/30 + -1). What is the units digit of (20 - (m - 3))*4?
8
Let t = 243 - 239. Suppose -4*c + 2*c - 3*q + 1226 = 0, -t*q = 5*c - 3051. What is the hundreds digit of c?
6
What is the units digit of (-8)/(-88) + (-6222956)/(-209)?
5
Suppose -2653 = -4*p + 5*q, 2*p - 1331 = -q + 2*q. Suppose 3*b + w = p, -5 - 7 = -3*w. What is the tens digit of b?
2
Let h = -619 + 1496. Let g = -567 + h. What is the units digit of g?
0
Suppose 4*b = -k + 64845, 705*b - 702*b + k - 48633 = 0. What is the tens digit of b?
1
Let i = -72 - -7. Let m(n) = 144*n + 197. Let h be m(-2). Let a = i - h. What is the tens digit of a?
2
Suppose -3*o + 21630 = 5*a, 5*o + 112*a = 108*a + 36089. What is the hundreds digit of o?
2
Let d = 446 + -886. Let a = d + 752. What is the units digit of a?
2
Let g(i) = -6*i - 2 + i + 4*i + 18. Let s be g(8). Suppose 0*f - s*f = -192. What is the tens digit of f?
2
Let z(h) be the first derivative of h**3/3 + h**2/2 - 7*h - 9. Let w be z(6). What is the units digit of -4 + -2 + (w - 2)?
7
What is the hundreds digit of (-90)/(-495) - ((-6098)/(-3))/((-22)/327)?
2
Let n(x) = -2*x + 13. Let h(t) = 3*t - 46. Let p be h(19). Let v be n(p). What is the tens digit of 2/v - 3/(-27)*956?
0
Let d be ((19 - 19)/(-5 + 2))/(-3). Suppose 30*h - 31*h + 3*t = -957, 3*h + 4*t - 2806 = d. What is the hundreds digit of h?
9
Suppose 0 = 2*u + 5*q - 383, -3*u + 570 = -q + 4*q. Let t = 100 - u. Let m = t - -125. What is the units digit of m?
6
Suppose 4*d - 121254 = -2*c, 0 = -5*d - 49*c + 52*c + 151606. What is the tens 